{"id":4,"date":"2017-07-03T14:46:17","date_gmt":"2017-07-03T12:46:17","guid":{"rendered":"http:\/\/fens.if.pw.edu.pl\/krab\/?page_id=4"},"modified":"2017-10-02T09:09:45","modified_gmt":"2017-10-02T07:09:45","slug":"archiwum","status":"publish","type":"page","link":"https:\/\/fens.org.pl\/krab\/archiwum\/","title":{"rendered":"Archiwum"},"content":{"rendered":"<h2>Nadzwyczajne Walne Zgromadzenie KRAB, 24 marca 2017, godz. 14.15 , sala 309, Gmach Fizyki Politechniki Warszawskiej, ul. Koszykowa 75<\/h2>\n<p>Witam,<br \/>\nW imieniu Zarz\u0105du Krajowej Rady Koordynator\u00f3w Projekt\u00f3w Badawczych UE zapraszam na Nadzwyczajne Walne Zgromadzenie KRAB, 24 marca 2017, godz. 14.15, sala 309, Gmach Fizyki Politechniki Warszawskiej, ul. Koszykowa 75 .<br \/>\nProponowana Agenda:<\/p>\n<p>1.Wyb\u00f3r Komisji Skrutacyjnej, Przewodnicz\u0105cego Zgromadzenia i Komisji Wnioskowej<br \/>\n2. Podj\u0119cie Uchwa\u0142 w sprawie zmian w Statucie KRAB : zwi\u0119kszenie ilo\u015bci cz\u0142onk\u00f3w Zarz\u0105du, powo\u0142anie Oddzia\u0142\u00f3w Regionalnych KRAB (patrz\u00a0za\u0142\u0105cznik)<br \/>\n3. Dyskusja nad planami dzia\u0142a\u0144 KRAB<br \/>\n4. Dyskusja nad Programem 15 Symp. Krab, 1 czerwca w IGHZ PAN w Jastrz\u0119bcu<br \/>\n5. Inne<\/p>\n<p>W dyskusji na Zgromadzeniu mog\u0105 uczestniczy\u0107 wszyscy cz\u0142onkowie KRAB oraz inne osoby zainteresowane Projektami Badawczymi UE. Zgodnie ze Statutem w g\u0142osowaniach nad Uchwa\u0142ami Zgromadzenia uczestnicz\u0105 tylko cz\u0142onkowie KRAB.<br \/>\nZapraszam r\u00f3wnie\u017c do obserwacji naszej strony internetowej www.krab.edu.pl oraz naszego konta na Twitterze @KRAB_PL<\/p>\n<p>Serdecznie pozdrawiam<\/p>\n<p>Janusz Ho\u0142yst<br \/>\nPrezes Zarz\u0105du KRAB<\/p>\n<h2>Profesor Marek Ku\u015b cz\u0142onkiem stowarzyszenia KRAB<\/h2>\n<p>Profesor Marek Ku\u015b (Centrum Fizyki Teoretycznej PAN,\u00a0http:\/\/www.cft.edu.pl\/p_view\/p_view.php?login=marek) koordynator Projektu Non-locality in Multipartite Quantum Systems N-MuQuaS \u2014 H2020-MSCA-IF-2015 zosta\u0142 w dniu 14 marca przyj\u0119ty na cz\u0142onka zwyczajnego KRAB.<\/p>\n<p>Sedecznie gratulujemy<br \/>\nZarz\u0105d KRAB<\/p>\n<h2>15 stycznia 2017 ko\u0144cz\u0105 si\u0119 konsultacje spo\u0142eczne dotycz\u0105 okresowej oceny program\u00f3w H 2020 i Euroatom<\/h2>\n<p>Apelujemy do wszystkich zainteresowanych udzia\u0142em w projektach finansowanych z tych program\u00f3w, o aktywny udzia\u0142 w og\u0142oszonych przez Komisj\u0119 Europejsk\u0105 konsultacjach spo\u0142ecznych. Konsultacje spo\u0142eczne dotycz\u0105 okresowej oceny program\u00f3w Horyzont 2020 i Euratomu. Wyniki ankiet przyczyni\u0105 si\u0119 do poprawy ich funkcjonowania do 2020 roku oraz b\u0119d\u0105 istotnym elementem w przygotowaniach do kolejnego programu bada\u0144 naukowych i innowacji. Konsultacje spo\u0142eczne zako\u0144cz\u0105 si\u0119 15 stycznia 2017 r.<\/p>\n<p>Ankiety s\u0105 dost\u0119pne pod adresami:<br \/>\nhttp:\/\/ec.europa.eu\/research\/consultations\/interim_h2020_2016\/consultation_en.htm<br \/>\nhttp:\/\/ec.europa.eu\/research\/consultations\/euratom_rt_programme\/consultation_en.htm<\/p>\n<p>Wi\u0119cej informacji w komunikacie Komisji Europejskiej:\u00a0http:\/\/ec.europa.eu\/research\/index.cfm?pg=newsalert&amp;year=2016&amp;na=na-191016.<br \/>\noraz na stronie KPK\u00a0http:\/\/www.kpk.gov.pl\/?p=33485<\/p>\n<h2>Poszukiwani kandydaci do pracy badawczej w mi\u0119dzynarodowym projekcie RENOIR &#8211;\u00a0<i>Reverse EngiNeering of sOcial Information pRocessing<\/i><\/h2>\n<p>Pracownia Fizyki w Ekonomii i Naukach Spo\u0142ecznych Wydzia\u0142u Fizyki Politechniki Warszawskiej poszukuje kandydat\u00f3w z dziedzin: fizyka, informatyka i matematyka do pracy naukowej w projekcie RENOIR &#8211; Reverse EngiNeering of sOcial\u00a0Information\u00a0pRocessing finansowanym w ramach programu EU Horyzont 2020. Na doktorant\u00f3w czekaj\u0105 zagraniczne sta\u017ce.<\/p>\n<p>Projekt RENOIR skupia si\u0119 na wykorzystaniu metod uk\u0142ad\u00f3w z\u0142o\u017conych i statystycznej eksploracji danych do badania rozprzestrzeniania si\u0119 informacji w serwisach prasowych oraz mediach spo\u0142eczno\u015bciowych oraz ustalaniu \u017ar\u00f3de\u0142 tych proces\u00f3w.<\/p>\n<p align=\"center\"><a href=\"http:\/\/krab.fizyka.pw.edu.pl\/Projekt_RENOIR_rekrutacja.doc\">Wi\u0119cej informacji<\/a><\/p>\n<h2 style=\"text-align: center;\">Profesor Janusz Ho\u0142yst zosta\u0142 wyr\u00f3\u017cniony Nagrod\u0105 Kryszta\u0142owej Brukselki<\/h2>\n<p>W dniu 2 czerwca 2016 r. Profesor Janusz Ho\u0142yst zosta\u0142 uhonorowany Nagrod\u0105 Specjaln\u0105 Kryszta\u0142owej Brukselki w uznaniu dla szczeg\u00f3lnych zas\u0142ug jako wsp\u00f3\u0142za\u0142o\u017cyciela i Prezesa Krajowej Rady Koordynator\u00f3w Projekt\u00f3w Badawczych UE, na polu koordynacji projekt\u00f3w, a tak\u017ce wprowadzania dobrych praktyk profesjonalnego zarz\u0105dzania badaniami.<\/p>\n<p align=\"center\"><a href=\"http:\/\/krab.fizyka.pw.edu.pl\/info.html\">Wi\u0119cej informacji<\/a><\/p>\n<p align=\"center\"><img decoding=\"async\" src=\"http:\/\/krab.fizyka.pw.edu.pl\/nagroda.jpg\" \/><\/p>\n<h2 style=\"text-align: center;\">X Sympozjum Krajowej Rady Koordynator\u00f3w Projekt\u00f3w Badawczych Unii Europejskiej<\/h2>\n<p>Krajowa Rada Koordynator\u00f3w Projekt\u00f3w Badawczych UE (www.krab.edu.pl) serdecznie zaprasza do udzia\u0142u w X Sympozjum KRAB, kt\u00f3rego wsp\u00f3\u0142organizatorem i gospodarzem b\u0119dzie Politechnika Warszawska.<\/p>\n<p><a href=\"http:\/\/krab2013pw.syskonf.pl\/\">http:\/\/krab2013pw.syskonf.pl\/<\/a><\/p>\n<p>Patronat Honorowy nad Sympozjum obj\u0105\u0142 JM Rektor Politechniki Warszawskiej, Prof. dr hab. in\u017c. Jan Szmidt.<\/p>\n<p>Sympozjum odb\u0119dzie si\u0119 w\u00a0<b>Audytorium Centralnym Gmachu Elektroniki i Technik Informacyjnych PW, ul. Nowowiejska 15\/19, Warszawa w dniu 28 listopada 2013, w godz 9-17.<\/b><\/p>\n<p>Tematyka Sympozjum obejmie m.in:<\/p>\n<p>1. Informacje o nowym Programie Ramowym UE na rzecz rozwoju bada\u0144 naukowych, innowacji i konkurencyjno\u015bci w Europie: HORYZONT 2020.<br \/>\n2. Przegl\u0105d osi\u0105gni\u0119\u0107 polskich zespo\u0142\u00f3w badawczych w 7 Programie Ramowym UE<\/p>\n<p>O narz\u0119dziach wsparcia dla polskich zespo\u0142\u00f3w badawczych, kt\u00f3re b\u0119d\u0105 startowa\u0107 w konkursach Programu HORYZONT 2020 opowie prof. Jacek Guli\u0144ski, Podsekretarz Stanu w Ministerstwie Nauki i Szkolnictwa Wy\u017cszego.<\/p>\n<p>W trakcie Sympozjum przewidziane s\u0105 wyst\u0105pienia do\u015bwiadczonych naukowc\u00f3w i przedsiebiorc\u00f3w, kt\u00f3rzy z sukcesem realizuj\u0105 projekty badawcze UE oraz ekspert\u00f3w d\/s Program\u00f3w UE.<\/p>\n<p><u>Zg\u0142oszenia uczestnik\u00f3w przyjmujemy do dnia 14 listopada 2013. Ilo\u015b\u0107 miejsc ograniczona !<\/u><\/p>\n<p><center><b>Serdecznie zapraszamy!<\/b><\/center><\/p>\n<p align=\"right\">prof. dr hab. Janusz Ho\u0142yst<br \/>\nPrezes Zarz\u0105du KRAB<\/p>\n<h2 style=\"text-align: center;\">9. Sympozjum KRAB-a HORYZONT 2020. PROJEKTY UNII EUROPEJSKIEJ I WDRO\u017bENIA<\/h2>\n<h2><\/h2>\n<p><center><a href=\"http:\/\/krab.fizyka.pw.edu.pl\/prez\/1.Czynniki%20sukcesu.pdf\">Prezentacja prof. Janusza Ho\u0142ysta<br \/>\nCzynniki sukcesu Projekt\u00f3w Badawczych UE<\/a><\/center><\/p>\n<h2><\/h2>\n<h2 style=\"text-align: center;\">Konwencja Bada\u0144 i Innowacji 2012<\/h2>\n<p style=\"text-align: center;\"><b><br \/>\n<a href=\"http:\/\/conferences.kpk.gov.pl\/Default.aspx?id=24\"><img decoding=\"async\" src=\"http:\/\/krab.fizyka.pw.edu.pl\/konwencja2012.jpg\" \/><\/a><br \/>\nKonwencja Bada\u0144 i Innowacji 2012<\/b><\/p>\n<p>&#8222;Czas na rozw\u00f3j polskich technologii&#8221;<\/p>\n<p>30 listopada 2012, Warszawa<\/p>\n<p>Konwencja Bada\u0144 i Innowacji 2012 jest skierowana do polskiego \u015brodowiska naukowego i przemys\u0142owego. G\u0142\u00f3wnym celem jest przedstawienie krajowej polityki w zakresie bada\u0144 i innowacyjno\u015bci oraz propozycji polskich inicjatyw technologicznych w perspektywie nowego programu wsp\u00f3lnotowego HORYZONT 2020.&#8221;<\/p>\n<p><a href=\"http:\/\/conferences.kpk.gov.pl\/Default.aspx?id=24\">http:\/\/conferences.kpk.gov.pl\/Default.aspx?id=24<\/a><\/p>\n<h2 style=\"text-align: center;\">7 Sympozjum KRAB-a<\/h2>\n<p>Dnia 6 czerwca 2012 na Uniwersytecie Ekonomicznym w Krakowie, ul. Rakowicka 27 odb\u0119dzie si\u0119 mini- Sympozjum Krajowej Rady Koordynator\u00f3w Projekt\u00f3w Badawczych UE po\u0142\u0105czone z Walnym Zgromadzeniem Stowarzyszenia. Sympozjum odbedzie sie bezposrednio po Konferencji NetWORKs &lt;&lt; Budowanie przewagi w zarz\u0105dzaniu projektami badawczymi i komercjalizacji wynik\u00f3w bada\u0144 poprzez sie\u0107 wsp\u00f3\u0142pracy &gt;&gt;.<\/p>\n<p>Rejestracja na Sympozjum i Walne Zgromadzenie KRAB-a jest mo\u017cliwa poprzez stron\u0119\u00a0<a href=\"http:\/\/krab.fizyka.pw.edu.pl\/archiwum.html\">http:\/\/www.doodle.com\/eebibgrzk348h8h8<\/a>\u00a0do dnia 31 maja 2012.<\/p>\n<p>serdecznie zapraszamy !<br \/>\nZarzad KRAB-a<\/p>\n<p>Do pobrania:\u00a0<a href=\"http:\/\/krab.fizyka.pw.edu.pl\/KRAB_Program_6czerwca2012JH.doc\">program mini-Sympozjum i Walnego Zgromadzenia KRAB-a<\/a><br \/>\n<a href=\"http:\/\/krab.fizyka.pw.edu.pl\/Agenda_Konferencji_PL.pdf\">program konferencji NetWORKs<\/a><\/p>\n","protected":false},"excerpt":{"rendered":"<p>Nadzwyczajne Walne Zgromadzenie KRAB, 24 marca 2017, godz. 14.15 , sala 309, Gmach Fizyki Politechniki Warszawskiej, ul. Koszykowa 75 Witam, W imieniu Zarz\u0105du Krajowej Rady Koordynator\u00f3w Projekt\u00f3w Badawczych UE zapraszam na Nadzwyczajne Walne Zgromadzenie KRAB, 24 marca 2017, godz. 14.15, sala 309, Gmach Fizyki Politechniki Warszawskiej, ul. Koszykowa 75 . Proponowana Agenda: 1.Wyb\u00f3r Komisji Skrutacyjnej, &#8230; <a title=\"Archiwum\" class=\"read-more\" href=\"https:\/\/fens.org.pl\/krab\/archiwum\/\" aria-label=\"More on Archiwum\">Read more<\/a><\/p>\n","protected":false},"author":1,"featured_media":0,"parent":0,"menu_order":0,"comment_status":"closed","ping_status":"closed","template":"","meta":[],"_links":{"self":[{"href":"https:\/\/fens.org.pl\/krab\/wp-json\/wp\/v2\/pages\/4"}],"collection":[{"href":"https:\/\/fens.org.pl\/krab\/wp-json\/wp\/v2\/pages"}],"about":[{"href":"https:\/\/fens.org.pl\/krab\/wp-json\/wp\/v2\/types\/page"}],"author":[{"embeddable":true,"href":"https:\/\/fens.org.pl\/krab\/wp-json\/wp\/v2\/users\/1"}],"replies":[{"embeddable":true,"href":"https:\/\/fens.org.pl\/krab\/wp-json\/wp\/v2\/comments?post=4"}],"version-history":[{"count":7,"href":"https:\/\/fens.org.pl\/krab\/wp-json\/wp\/v2\/pages\/4\/revisions"}],"predecessor-version":[{"id":116,"href":"https:\/\/fens.org.pl\/krab\/wp-json\/wp\/v2\/pages\/4\/revisions\/116"}],"wp:attachment":[{"href":"https:\/\/fens.org.pl\/krab\/wp-json\/wp\/v2\/media?parent=4"}],"curies":[{"name":"wp","href":"https:\/\/api.w.org\/{rel}","templated":true}]}}

<h2>Nadzwyczajne Walne Zgromadzenie KRAB, 24 marca 2017, godz. 14.15 , sala 309, Gmach Fizyki Politechniki Warszawskiej, ul. Koszykowa 75</h2>
<p>Witam,<br />
W imieniu Zarządu Krajowej Rady Koordynatorów Projektów Badawczych UE zapraszam na Nadzwyczajne Walne Zgromadzenie KRAB, 24 marca 2017, godz. 14.15, sala 309, Gmach Fizyki Politechniki Warszawskiej, ul. Koszykowa 75 .<br />
Proponowana Agenda:</p>
<p>1.Wybór Komisji Skrutacyjnej, Przewodniczącego Zgromadzenia i Komisji Wnioskowej<br />
2. Podjęcie Uchwał w sprawie zmian w Statucie KRAB : zwiększenie ilości członków Zarządu, powołanie Oddziałów Regionalnych KRAB (patrz załącznik)<br />
3. Dyskusja nad planami działań KRAB<br />
4. Dyskusja nad Programem 15 Symp. Krab, 1 czerwca w IGHZ PAN w Jastrzębcu<br />
5. Inne</p>
<p>W dyskusji na Zgromadzeniu mogą uczestniczyć wszyscy członkowie KRAB oraz inne osoby zainteresowane Projektami Badawczymi UE. Zgodnie ze Statutem w głosowaniach nad Uchwałami Zgromadzenia uczestniczą tylko członkowie KRAB.<br />
Zapraszam również do obserwacji naszej strony internetowej www.krab.edu.pl oraz naszego konta na Twitterze @KRAB_PL</p>
<p>Serdecznie pozdrawiam</p>
<p>Janusz Hołyst<br />
Prezes Zarządu KRAB</p>
<h2>Profesor Marek Kuś członkiem stowarzyszenia KRAB</h2>
<p>Profesor Marek Kuś (Centrum Fizyki Teoretycznej PAN, http://www.cft.edu.pl/p_view/p_view.php?login=marek) koordynator Projektu Non-locality in Multipartite Quantum Systems N-MuQuaS — H2020-MSCA-IF-2015 został w dniu 14 marca przyjęty na członka zwyczajnego KRAB.</p>
<p>Sedecznie gratulujemy<br />
Zarząd KRAB</p>
<h2>15 stycznia 2017 kończą się konsultacje społeczne dotyczą okresowej oceny programów H 2020 i Euroatom</h2>
<p>Apelujemy do wszystkich zainteresowanych udziałem w projektach finansowanych z tych programów, o aktywny udział w ogłoszonych przez Komisję Europejską konsultacjach społecznych. Konsultacje społeczne dotyczą okresowej oceny programów Horyzont 2020 i Euratomu. Wyniki ankiet przyczynią się do poprawy ich funkcjonowania do 2020 roku oraz będą istotnym elementem w przygotowaniach do kolejnego programu badań naukowych i innowacji. Konsultacje społeczne zakończą się 15 stycznia 2017 r.</p>
<p>Ankiety są dostępne pod adresami:<br />
http://ec.europa.eu/research/consultations/interim_h2020_2016/consultation_en.htm<br />
http://ec.europa.eu/research/consultations/euratom_rt_programme/consultation_en.htm</p>
<p>Więcej informacji w komunikacie Komisji Europejskiej: http://ec.europa.eu/research/index.cfm?pg=newsalert&amp;year=2016&amp;na=na-191016.<br />
oraz na stronie KPK http://www.kpk.gov.pl/?p=33485</p>
<h2>Poszukiwani kandydaci do pracy badawczej w międzynarodowym projekcie RENOIR &#8211; <i>Reverse EngiNeering of sOcial Information pRocessing</i></h2>
<p>Pracownia Fizyki w Ekonomii i Naukach Społecznych Wydziału Fizyki Politechniki Warszawskiej poszukuje kandydatów z dziedzin: fizyka, informatyka i matematyka do pracy naukowej w projekcie RENOIR &#8211; Reverse EngiNeering of sOcial Information pRocessing finansowanym w ramach programu EU Horyzont 2020. Na doktorantów czekają zagraniczne staże.</p>
<p>Projekt RENOIR skupia się na wykorzystaniu metod układów złożonych i statystycznej eksploracji danych do badania rozprzestrzeniania się informacji w serwisach prasowych oraz mediach społecznościowych oraz ustalaniu źródeł tych procesów.</p>
<p align="center"><a href="http://krab.fizyka.pw.edu.pl/Projekt_RENOIR_rekrutacja.doc">Więcej informacji</a></p>
<h2 style="text-align: center;">Profesor Janusz Hołyst został wyróżniony Nagrodą Kryształowej Brukselki</h2>
<p>W dniu 2 czerwca 2016 r. Profesor Janusz Hołyst został uhonorowany Nagrodą Specjalną Kryształowej Brukselki w uznaniu dla szczególnych zasług jako współzałożyciela i Prezesa Krajowej Rady Koordynatorów Projektów Badawczych UE, na polu koordynacji projektów, a także wprowadzania dobrych praktyk profesjonalnego zarządzania badaniami.</p>
<p align="center"><a href="http://krab.fizyka.pw.edu.pl/info.html">Więcej informacji</a></p>
<p align="center"><img decoding="async" src="http://krab.fizyka.pw.edu.pl/nagroda.jpg" /></p>
<h2 style="text-align: center;">X Sympozjum Krajowej Rady Koordynatorów Projektów Badawczych Unii Europejskiej</h2>
<p>Krajowa Rada Koordynatorów Projektów Badawczych UE (www.krab.edu.pl) serdecznie zaprasza do udziału w X Sympozjum KRAB, którego współorganizatorem i gospodarzem będzie Politechnika Warszawska.</p>
<p><a href="http://krab2013pw.syskonf.pl/">http://krab2013pw.syskonf.pl/</a></p>
<p>Patronat Honorowy nad Sympozjum objął JM Rektor Politechniki Warszawskiej, Prof. dr hab. inż. Jan Szmidt.</p>
<p>Sympozjum odbędzie się w <b>Audytorium Centralnym Gmachu Elektroniki i Technik Informacyjnych PW, ul. Nowowiejska 15/19, Warszawa w dniu 28 listopada 2013, w godz 9-17.</b></p>
<p>Tematyka Sympozjum obejmie m.in:</p>
<p>1. Informacje o nowym Programie Ramowym UE na rzecz rozwoju badań naukowych, innowacji i konkurencyjności w Europie: HORYZONT 2020.<br />
2. Przegląd osiągnięć polskich zespołów badawczych w 7 Programie Ramowym UE</p>
<p>O narzędziach wsparcia dla polskich zespołów badawczych, które będą startować w konkursach Programu HORYZONT 2020 opowie prof. Jacek Guliński, Podsekretarz Stanu w Ministerstwie Nauki i Szkolnictwa Wyższego.</p>
<p>W trakcie Sympozjum przewidziane są wystąpienia doświadczonych naukowców i przedsiebiorców, którzy z sukcesem realizują projekty badawcze UE oraz ekspertów d/s Programów UE.</p>
<p><u>Zgłoszenia uczestników przyjmujemy do dnia 14 listopada 2013. Ilość miejsc ograniczona !</u></p>
<p><center><b>Serdecznie zapraszamy!</b></center></p>
<p align="right">prof. dr hab. Janusz Hołyst<br />
Prezes Zarządu KRAB</p>
<h2 style="text-align: center;">9. Sympozjum KRAB-a HORYZONT 2020. PROJEKTY UNII EUROPEJSKIEJ I WDROŻENIA</h2>
<h2></h2>
<p><center><a href="http://krab.fizyka.pw.edu.pl/prez/1.Czynniki%20sukcesu.pdf">Prezentacja prof. Janusza Hołysta<br />
Czynniki sukcesu Projektów Badawczych UE</a></center></p>
<h2></h2>
<h2 style="text-align: center;">Konwencja Badań i Innowacji 2012</h2>
<p style="text-align: center;"><b><br />
<a href="http://conferences.kpk.gov.pl/Default.aspx?id=24"><img decoding="async" src="http://krab.fizyka.pw.edu.pl/konwencja2012.jpg" /></a><br />
Konwencja Badań i Innowacji 2012</b></p>
<p>&#8222;Czas na rozwój polskich technologii&#8221;</p>
<p>30 listopada 2012, Warszawa</p>
<p>Konwencja Badań i Innowacji 2012 jest skierowana do polskiego środowiska naukowego i przemysłowego. Głównym celem jest przedstawienie krajowej polityki w zakresie badań i innowacyjności oraz propozycji polskich inicjatyw technologicznych w perspektywie nowego programu wspólnotowego HORYZONT 2020.&#8221;</p>
<p><a href="http://conferences.kpk.gov.pl/Default.aspx?id=24">http://conferences.kpk.gov.pl/Default.aspx?id=24</a></p>
<h2 style="text-align: center;">7 Sympozjum KRAB-a</h2>
<p>Dnia 6 czerwca 2012 na Uniwersytecie Ekonomicznym w Krakowie, ul. Rakowicka 27 odbędzie się mini- Sympozjum Krajowej Rady Koordynatorów Projektów Badawczych UE połączone z Walnym Zgromadzeniem Stowarzyszenia. Sympozjum odbedzie sie bezposrednio po Konferencji NetWORKs &lt;&lt; Budowanie przewagi w zarządzaniu projektami badawczymi i komercjalizacji wyników badań poprzez sieć współpracy &gt;&gt;.</p>
<p>Rejestracja na Sympozjum i Walne Zgromadzenie KRAB-a jest możliwa poprzez stronę <a href="http://krab.fizyka.pw.edu.pl/archiwum.html">http://www.doodle.com/eebibgrzk348h8h8</a> do dnia 31 maja 2012.</p>
<p>serdecznie zapraszamy !<br />
Zarzad KRAB-a</p>
<p>Do pobrania: <a href="http://krab.fizyka.pw.edu.pl/KRAB_Program_6czerwca2012JH.doc">program mini-Sympozjum i Walnego Zgromadzenia KRAB-a</a><br />
<a href="http://krab.fizyka.pw.edu.pl/Agenda_Konferencji_PL.pdf">program konferencji NetWORKs</a></p>

<p>Nadzwyczajne Walne Zgromadzenie KRAB, 24 marca 2017, godz. 14.15 , sala 309, Gmach Fizyki Politechniki Warszawskiej, ul. Koszykowa 75 Witam, W imieniu Zarządu Krajowej Rady Koordynatorów Projektów Badawczych UE zapraszam na Nadzwyczajne Walne Zgromadzenie KRAB, 24 marca 2017, godz. 14.15, sala 309, Gmach Fizyki Politechniki Warszawskiej, ul. Koszykowa 75 . Proponowana Agenda: 1.Wybór Komisji Skrutacyjnej, &#8230; <a title="Archiwum" class="read-more" href="https://fens.org.pl/krab/archiwum/" aria-label="More on Archiwum">Read more</a></p>
