{"id":10,"date":"2017-07-03T14:47:40","date_gmt":"2017-07-03T12:47:40","guid":{"rendered":"http:\/\/fens.if.pw.edu.pl\/krab\/?page_id=10"},"modified":"2017-09-18T21:12:10","modified_gmt":"2017-09-18T19:12:10","slug":"misja","status":"publish","type":"page","link":"https:\/\/fens.org.pl\/krab\/misja\/","title":{"rendered":"Misja"},"content":{"rendered":"<p>Krajowa Rada Koordynator\u00f3w Projekt\u00f3w Badawczych UE (KRAB) powsta\u0142a jako Stowarzyszenie dla wymiany do\u015bwiadcze\u0144 z realizacji projekt\u00f3w mi\u0119dzy swoimi cz\u0142onkami oraz miedzy innymi podmiotami. Chcieliby\u015bmy promowa\u0107 dobre praktyki profesjonalnego prowadzenia projekt\u00f3w badawczych i promowa\u0107 polskie uczestnictwo w Programach Ramowych UE. Nasz statut przewiduje wsp\u00f3\u0142prac\u0119 z administracj\u0105 rz\u0105dow\u0105, samorz\u0105dowa oraz innymi podmiotami zwi\u0105zanymi z realizacj\u0105 projekt\u00f3w UE. Chcieliby\u015bmy r\u00f3wnie\u017c podejmowa\u0107 dzia\u0142ania i rekomendowa\u0107 zmiany prawne potrzebne dla udzia\u0142u polskich naukowc\u00f3w w programach badawczo-rozwojowych UE. Nasze cele zamierzamy realizowa\u0107 m.in. przez organizacj\u0119 spotka\u0144 i sympozj\u00f3w zwi\u0105zanych z realizacj\u0105 projekt\u00f3w UE w Polsce oraz przez przekazywanie do odpowiednich podmiot\u00f3w w Polsce i UE opinii o problemach realizacji projekt\u00f3w. Uwa\u017camy, \u017ce do problem\u00f3w tych nale\u017c\u0105 m.in.: du\u017ce dysproporcje miedzy wynagrodzeniami wykonawc\u00f3w projekt\u00f3w w Polsce i w Europie Zachodniej, brak stabilnych rozwi\u0105za\u0144 prawnych dla prowadzenia projekt\u00f3w i brak profesjonalnej kadry managerskiej wspomagaj\u0105cej projekty w Polsce.<\/p>\n","protected":false},"excerpt":{"rendered":"<p>Krajowa Rada Koordynator\u00f3w Projekt\u00f3w Badawczych UE (KRAB) powsta\u0142a jako Stowarzyszenie dla wymiany do\u015bwiadcze\u0144 z realizacji projekt\u00f3w mi\u0119dzy swoimi cz\u0142onkami oraz miedzy innymi podmiotami. Chcieliby\u015bmy promowa\u0107 dobre praktyki profesjonalnego prowadzenia projekt\u00f3w badawczych i promowa\u0107 polskie uczestnictwo w Programach Ramowych UE. Nasz statut przewiduje wsp\u00f3\u0142prac\u0119 z administracj\u0105 rz\u0105dow\u0105, samorz\u0105dowa oraz innymi podmiotami zwi\u0105zanymi z realizacj\u0105 projekt\u00f3w UE. &#8230; <a title=\"Misja\" class=\"read-more\" href=\"https:\/\/fens.org.pl\/krab\/misja\/\" aria-label=\"More on Misja\">Read more<\/a><\/p>\n","protected":false},"author":1,"featured_media":0,"parent":0,"menu_order":0,"comment_status":"closed","ping_status":"closed","template":"","meta":[],"_links":{"self":[{"href":"https:\/\/fens.org.pl\/krab\/wp-json\/wp\/v2\/pages\/10"}],"collection":[{"href":"https:\/\/fens.org.pl\/krab\/wp-json\/wp\/v2\/pages"}],"about":[{"href":"https:\/\/fens.org.pl\/krab\/wp-json\/wp\/v2\/types\/page"}],"author":[{"embeddable":true,"href":"https:\/\/fens.org.pl\/krab\/wp-json\/wp\/v2\/users\/1"}],"replies":[{"embeddable":true,"href":"https:\/\/fens.org.pl\/krab\/wp-json\/wp\/v2\/comments?post=10"}],"version-history":[{"count":2,"href":"https:\/\/fens.org.pl\/krab\/wp-json\/wp\/v2\/pages\/10\/revisions"}],"predecessor-version":[{"id":107,"href":"https:\/\/fens.org.pl\/krab\/wp-json\/wp\/v2\/pages\/10\/revisions\/107"}],"wp:attachment":[{"href":"https:\/\/fens.org.pl\/krab\/wp-json\/wp\/v2\/media?parent=10"}],"curies":[{"name":"wp","href":"https:\/\/api.w.org\/{rel}","templated":true}]}}

<p>Krajowa Rada Koordynatorów Projektów Badawczych UE (KRAB) powstała jako Stowarzyszenie dla wymiany doświadczeń z realizacji projektów między swoimi członkami oraz miedzy innymi podmiotami. Chcielibyśmy promować dobre praktyki profesjonalnego prowadzenia projektów badawczych i promować polskie uczestnictwo w Programach Ramowych UE. Nasz statut przewiduje współpracę z administracją rządową, samorządowa oraz innymi podmiotami związanymi z realizacją projektów UE. Chcielibyśmy również podejmować działania i rekomendować zmiany prawne potrzebne dla udziału polskich naukowców w programach badawczo-rozwojowych UE. Nasze cele zamierzamy realizować m.in. przez organizację spotkań i sympozjów związanych z realizacją projektów UE w Polsce oraz przez przekazywanie do odpowiednich podmiotów w Polsce i UE opinii o problemach realizacji projektów. Uważamy, że do problemów tych należą m.in.: duże dysproporcje miedzy wynagrodzeniami wykonawców projektów w Polsce i w Europie Zachodniej, brak stabilnych rozwiązań prawnych dla prowadzenia projektów i brak profesjonalnej kadry managerskiej wspomagającej projekty w Polsce.</p>

<p>Krajowa Rada Koordynatorów Projektów Badawczych UE (KRAB) powstała jako Stowarzyszenie dla wymiany doświadczeń z realizacji projektów między swoimi członkami oraz miedzy innymi podmiotami. Chcielibyśmy promować dobre praktyki profesjonalnego prowadzenia projektów badawczych i promować polskie uczestnictwo w Programach Ramowych UE. Nasz statut przewiduje współpracę z administracją rządową, samorządowa oraz innymi podmiotami związanymi z realizacją projektów UE. &#8230; <a title="Misja" class="read-more" href="https://fens.org.pl/krab/misja/" aria-label="More on Misja">Read more</a></p>
